se -4*d + f = -3997. What is the thousands digit of d?
1
Let h be ((-44046)/(-12) - (-6)/(-4)) + -2. Suppose -9*c = -221 - h. What is the hundreds digit of c?
4
Let l be (-3*7)/(-5 - (-1302)/261). Let c = l + -1027. What is the hundreds digit of c?
8
What is the units digit of -177*((-1900)/(-15))/(-20)?
1
Suppose -21*i = -15*i - 732. Suppose i*y = 129*y - 2520. What is the hundreds digit of y?
3
Suppose 0 = 13*y - 37*y + 86208. Suppose y = 6*l + 262. What is the hundreds digit of l?
5
Suppose -176*r + 171*r + 410 = 0. What is the tens digit of 1353/r*(-70)/(-3)?
8
Suppose 217084 = 80*f - 597236. What is the thousands digit of f?
0
Suppose 235*t - 223*t - 2772 = 0. What is the units digit of t?
1
Let b = -255 + 129. Let p = b - -199. What is the tens digit of p?
7
What is the thousands digit of ((-1)/(-3))/((-75)/675*6/(-68428))?
4
Let u be (-2)/9 - 6460/(-153). Suppose -90 = -11*n + u. Suppose -n*o = -358 - 2054. What is the tens digit of o?
0
Suppose -3*c + 4*c - 33 = 0. Suppose 2*t - 21*w = -26*w + 63, t + w = c. What is the tens digit of t?
3
Suppose 3*r - 2358 = -3*i, -5*i = -7*r + 6*r + 816. Suppose 18*h - 23*h = -2*u + r, -3*u + 5*h + 1189 = 0. What is the units digit of u?
8
Let l(v) = 260 - 162 - v + 43 + 8*v + 184. What is the hundreds digit of l(41)?
6
Let f be (-146 - -6)/(2 - 3). Suppose 144*q = f*q + 620. What is the tens digit of q?
5
Let b = -433 - -212. Suppose 5*z + 0*z - 617 = 4*r, 4*r - 3*z + 615 = 0. Let y = r - b. What is the units digit of y?
8
What is the ten thousands digit of 10/(-245) + (-12088800)/(-245)?
4
Let f = -109 - -250. Let c = -66 + f. What is the units digit of c?
5
Suppose -12*a - 3*g - 5 = -7*a, -5*g = 25. Suppose a*x = -11*x + 8853. What is the hundreds digit of x?
6
What is the hundreds digit of (-25)/((-75)/(-12))*(14917/(-2) - 3)?
8
Suppose c - 392 = 2*g, -4*g + 0*g = -16. Suppose 2*y + 108 = c. What is the units digit of y?
6
Suppose 2*t = 109 - 23. Suppose -752 = -5*v - 5*n + t, -v + 167 = -3*n. What is the tens digit of v?
6
Suppose 7612 = 11*g + 28985. Let z = g - -2993. What is the hundreds digit of z?
0
Let p(q) = -28*q**2 + 4*q - 13. Let x be p(-5). Let m = 1079 + x. What is the units digit of m?
6
Let l = -524 - -536. What is the tens digit of -4*l/(-64) - 12082/(-8)?
1
Let d(s) = 34*s**2 - 11*s - 7. Let g be d(6). Suppose -14*i + g = -3567. Suppose -2*p = -129 - i. What is the tens digit of p?
3
Suppose 14*z - 9*z - 885 = 0. Let j = z - 19. What is the hundreds digit of j?
1
Suppose -9*h + 0*h = 2*h - 203423. What is the tens digit of h?
9
Let o = 49 + -43. What is the units digit of ((-2)/(-6))/(o/1242)?
9
Suppose 38 = 2*u - 2*g, 0 = -3*u + 2*g + 39 + 18. Suppose u*v = 13*v + 24. Suppose v*i - 67 = 37. What is the units digit of i?
6
Suppose a = o - 478, 2*a = -3*o + 6*a + 1435. Let q = o + -461. What is the units digit of q?
6
Suppose -113*c - 103699 = -128*c + 20606. What is the thousands digit of c?
8
Suppose -a + 6022 = 4*h, 15159 = 3*a + 4*h - 2899. What is the hundreds digit of a?
0
Suppose -142*o = -121*o - 232197. What is the hundreds digit of o?
0
Let a be (-1 + (-1 - -110))*518/21. Let g = -1877 + a. Suppose -3*v + g = 106. What is the tens digit of v?
2
Let s(c) = -c + 48. Let a be s(10). Let r = -32 + a. Suppose -6*t - r*t + 1548 = 0. What is the units digit of t?
9
Let h(g) = 6*g + 16 - 5*g - 2*g. Let b(q) = -q + 8. Let v(p) = -5*b(p) + 2*h(p). What is the tens digit of v(23)?
6
What is the thousands digit of ((-94783)/1 + (-20)/(280/98))/(-2)?
7
Let g be (0 + (-240)/25)/(8/(-180)). Let m = g - -525. What is the units digit of m?
1
Let h be -2 - (2 - (-32)/2). Suppose 52*a - 12*a + 10*a = -100. What is the hundreds digit of (-383)/a + 10/h?
1
Suppose 0 = 222*p - 21904595 + 5517221. What is the ten thousands digit of p?
7
Let g(c) = 89*c**3 - 6*c**2 + 4. Let y be (-7 - 133/(-14))/(15/12). What is the hundreds digit of g(y)?
6
Suppose -100 = -4*a - 5*z, -2*a - 2*a = z - 84. Let b be (-36)/(-10) + ((-8)/a)/(-1). Suppose -b*k + 150 = -22. What is the tens digit of k?
4
Let v = 101175 - 53358. What is the tens digit of v?
1
Suppose 0 = 8*l + 10*l - 41256. Suppose -7*f = -f - l. What is the units digit of f?
2
Suppose -46*l = -23*l - 63480. Suppose 45*q - l = 33*q. What is the tens digit of q?
3
What is the tens digit of 3/9 - ((-58430050)/42)/25?
4
Let y(q) = -q**2 + 17*q - 89. Let l be y(11). Suppose -11*p + 12*p - 45 = 0. Let j = p + l. What is the tens digit of j?
2
Let l be 8 + -2 + (-101969)/(-49). Suppose -4*i + l = -g - 3129, i - 2*g - 1304 = 0. What is the units digit of i?
4
Let n = 6396 + -6067. What is the units digit of n?
9
Let b = -94 - -98. Suppose -r = -4*u - 18, b*u = -2*r - 5 - 7. Suppose r*m - 67 = 71. What is the tens digit of m?
6
Suppose 70888 = -18*z + 199768. What is the hundreds digit of z?
1
Let g be (19/4 - 1) + 15/(-20). Suppose 3*p - 276 = -3*b, g = 4*b - 1. Let c = p - 63. What is the units digit of c?
8
Let m(i) = -4*i**3 - 22*i**2 - 23*i + 24. Let y(s) = -11*s**3 - 65*s**2 - 69*s + 73. Let a(f) = 8*m(f) - 3*y(f). What is the hundreds digit of a(-17)?
1
Suppose d - 17*d + 1408 = 0. Suppose -60*y = -56*y - d. What is the tens digit of y?
2
Let p(d) = d**2 + 7*d - 36. Let n be p(15). Suppose 5*a + 75 = x - n, x = 4*a + 367. What is the units digit of x?
9
Suppose 0 = 3*i - 3, 17*s + i + 10103 = 19*s. What is the hundreds digit of s?
0
Suppose -30*h + 101*h + 493878 = 2027691. What is the units digit of h?
3
Suppose -3*f + 27810 = -3*l, 2*l + 4036 + 23771 = 3*f. What is the thousands digit of f?
9
What is the thousands digit of (-19)/((-285)/(-522630))*(-3)/9?
1
Suppose -11*i - 24*i + 264808 = -27*i. What is the ten thousands digit of i?
3
Let d(u) = 400*u - 26. Let x be 1/(12/(-42) + 39/63). Let o be d(x). Suppose -286 - o = -5*l. What is the hundreds digit of l?
2
Let j = 21 - 39. Let q = 24 + j. Suppose -q*y = -y - 295. What is the units digit of y?
9
Let j = -9222 + 34696. What is the hundreds digit of j?
4
What is the hundreds digit of 13837923/388 - (-9)/(-12)?
6
Suppose 3*h - 6 = 0, 0 = p - h - 18847 - 680. What is the tens digit of p?
2
Suppose 24*f - 29*f = -10. Let m(y) = -20 + 11*y**f + 11*y**2 - 21*y**2 - 5*y. What is the hundreds digit of m(15)?
1
Suppose -m - 4*v + 274 = 0, 0 = -4*m + 2*v + 463 + 687. Suppose 295*q = m*q + 2223. What is the tens digit of q?
4
Suppose 4*r + 29 = 4*g - g, 4 = 3*g + r. Suppose -5*p - 2*l + 5 = 0, 0 = -2*p - 3*l - 1 + g. What is the units digit of p?
1
Let r(w) = -186*w - 754. What is the units digit of r(-56)?
2
Let v(q) be the third derivative of -q**6/120 + q**5/15 - q**4/24 + q**3/2 + 37*q**2. Let u be v(4). What is the units digit of 21/49 - (-4)/(-7)*u?
1
Suppose 2*u - 5*u + 5*c - 185 = 0, -5*u - 304 = -4*c. What is the tens digit of 1062 - (8 - u/(-5))?
6
Let w(n) = -9*n - 79. Let r(u) = 6*u + 28. Let j be r(-7). What is the tens digit of w(j)?
4
Let h be 57/(-38)*(-1 + -1). Suppose h*u - 27 + 174 = 0. Let z = u - -51. What is the units digit of z?
2
What is the units digit of (-621348)/(-117) - 2/3*(-1 + 2)?
0
What is the thousands digit of (0 + -11391)*1302/(-279)?
3
Suppose 2*i = 5*w - 8, 2*i = 4*i - 3*w. Suppose n + 5*d = 23, -i*n + n + 3*d + 31 = 0. Suppose -n*l + 5*l + 465 = 0. What is the tens digit of l?
5
Let o(j) = -485*j - 744. What is the thousands digit of o(-5)?
1
Suppose -3*p - p + 101 = -3*a, -37 = a + 2*p. Suppose -4*j - 57*t + 55*t - 3440 = 0, -4300 = 5*j - t. What is the tens digit of 7/(a/j) - 1?
7
What is the tens digit of (13 - (-23)/(-2))*(-57900)/(-9)?
5
Let u be (-208)/(-6) - 16/(-48). Suppose 0 = -j + 6*j - u. What is the tens digit of j + -3 + -3 - -60?
6
Let r be (8/6)/(6*2/18). Suppose 0 = 3*j + r*x - 40, 2*j + 5*x - 40 = x. Let i = 104 - j. What is the tens digit of i?
9
Suppose -2*g - 450 = -3*d + 3, -d - 685 = 3*g. Let f be (0 - g/(-15))/((-2)/15). Suppose 2*k + f = 8*k. What is the units digit of k?
9
Let p(l) be the first derivative of -l**4/4 - 8*l**3/3 - 3*l**2 + 11*l + 464. Let i = -25 - -17. What is the units digit of p(i)?
9
Suppose -17*y = -126577 + 24254. What is the thousands digit of y?
6
Let k = 85 + -1. Let p = k + -81. Suppose -l = -p*x + x + 230, 3*l = -x + 122. What is the hundreds digit of x?
1
Suppose -16*w + 40381 = -89907. What is the tens digit of 